digit of s?
9
Let p(g) = 3*g**2 + 2*g + 2. Let w(i) = i**3 + 5*i**2 - i - 6. Let s be w(-5). Let k be p(s). What is the tens digit of (-738)/(-27)*k/2?
4
Let u(x) = 2*x**2 + 133*x - 657. What is the units digit of u(65)?
8
Let x(s) = 11*s + 9 - s**2 - 3*s + 3*s**2 + 5*s. What is the tens digit of x(-17)?
6
Suppose 5*n + 928 = -2297. Let h = n - -1092. Suppose 13*c = 1217 + h. What is the hundreds digit of c?
1
Let l(i) = 2*i**2 + 7*i + 8. Suppose 40*n + 136 = 6*n. What is the tens digit of l(n)?
1
Let m = 1580 - 1575. Let k(t) be the second derivative of 5*t**3/6 - 9*t**2/2 - 2*t. What is the units digit of k(m)?
6
Suppose -2*m = 5*w - 0*m + 50, -5*w = 3*m + 55. Let b be 9/((-36)/w) - 4. What is the units digit of (-5 + 45)*(-2)/b?
0
Let z(t) = 3*t**2 + 2*t - 1. Suppose 0 = -10*f + 3*f + 7. Let n be z(f). Suppose -4*u - 5*j = -738, -3*j = -n*u + 383 + 339. What is the tens digit of u?
8
Let x = -131 - -128. Let o = 5 - -1. What is the tens digit of ((-18)/(-24))/((o/x)/(-136))?
5
Let c(t) = 14*t - 1050. Let a(q) = 5*q - 350. Let z(y) = -17*a(y) + 6*c(y). Let p be z(0). Let l = -100 - p. What is the hundreds digit of l?
2
Suppose 60 = -0*w + 3*w. Suppose 18*j - w = 13*j. Suppose -16 = 4*d, -3*f = -j*d - 19 - 528. What is the tens digit of f?
7
Let b(r) = -4*r - 16. Let i be b(-4). Suppose 0 = 5*q - i*m - 5*m - 790, -4*q = 5*m - 587. What is the tens digit of q?
5
Suppose 0 = 3*j - 24 - 0. Let g(z) = z - 7. Let n be g(j). What is the tens digit of n - (-92)/(-2 - -4)?
4
Suppose 31702 + 56339 = 4*x + r, -4*r = 3*x - 66047. What is the hundreds digit of x?
0
Let l be ((-17)/(-2)*-2)/(9/54). Let a = 46 + l. Let m = a + 139. What is the units digit of m?
3
Let d(o) = -o**2 + 18*o + 5. Let t(a) = -a**2 - 4*a + 4. Let y be t(-3). Suppose -2*g + y = -23. What is the tens digit of d(g)?
5
Let l(r) = -2*r**2 - 12*r + 35. Let p be l(-8). What is the tens digit of (-3*(-1)/(-9))/(p/(-3501))?
8
Let m(t) = 10*t - 12. Let a = -31 + 134. Let u = a - 97. What is the tens digit of m(u)?
4
Let f(o) = -2*o**2 + 75*o - 827. Let z be f(22). Let u = 780 + -438. Let t = u + z. What is the hundreds digit of t?
1
Suppose 83*y = 82*y + 4, 50044 = 2*u + 3*y. What is the hundreds digit of u?
0
Let i = -123 + 538. Suppose 0 = -u - 2*u + 5*s + i, -u + 120 = 2*s. What is the tens digit of u?
3
Suppose 15*p = -37 - 53. What is the tens digit of 3960/3 - (p + 5)?
2
Let l = 118 + -112. Suppose f = g - l*g - 137, 5*f + g = -565. What is the hundreds digit of 125*(f/(-20) - 4)?
2
Suppose 15*f - 75 = 30*f. Let y(x) = 47*x**2 - 5*x - 30. What is the hundreds digit of y(f)?
1
Suppose -8*v = 41 + 7. What is the tens digit of 25/(-75) - 4538/v?
5
Suppose 283339 = 770*i - 753*i. What is the units digit of i?
7
Suppose -15*i = -i - 18046. Let v = 2225 - i. What is the units digit of v?
6
Let q(y) = -8*y + 13. Let n(h) = -h + 1. Let f(i) = 3*n(i) - q(i). Let v be f(10). What is the tens digit of (-10)/5*1 + v + 0?
3
Suppose 272 = 3*x - 22. Let a(r) = -r**2 - 12*r + 162. Let u be a(-22). Let v = x + u. What is the tens digit of v?
4
Let m = 558 + -235. Suppose m = -8*y + 5939. What is the tens digit of y?
0
Let v = 781 - 151. What is the units digit of v?
0
Let l = -12 + 6. Let j be l + -2 + (-4)/(-1). What is the tens digit of (1*100 + j)/1?
9
Suppose 2*y + v - 4167 = -2*v, 0 = -y - 3*v + 2085. What is the units digit of -6 + 87/15 - y/(-10)?
8
Suppose -r = -q + 1428, 3*r - 3383 = -3*q + 889. What is the units digit of q?
6
Let l(t) = -t**3 + 30*t**2 + 623*t + 70. What is the tens digit of l(38)?
9
Suppose -19 = 2*z - f, z + 4*f + 5 = 9*f. Let j(y) = y**3 + 19*y**2 - 3*y + 23. What is the units digit of j(z)?
3
Let g(c) = 191*c - 4. Suppose 3*t + 6 = -3*t. Let m be g(t). Let d = -58 - m. What is the tens digit of d?
3
Let j(x) = x**3 + 29*x**2 - 24*x - 28. Let d be j(-30). Let q = d + 468. What is the tens digit of q?
6
Let i = -71 + 81. Suppose -u - i = 4*t, 0*t - 15 = 3*u - 3*t. Let a(q) = q**2 - 13*q - 15. What is the tens digit of a(u)?
9
Suppose 3786 - 742 = -4*o + 3*w, o + 744 = 5*w. Let n = -533 - o. What is the hundreds digit of n?
2
What is the hundreds digit of 156/156*((-4)/12 + 62197/3)?
7
Suppose 22 + 6 = -2*o. Let y be 21/o*(2 - 2/(-3)). What is the hundreds digit of (y/(-2) - 54)*4/(-2)?
1
Let m = 21 + -17. Suppose 872 = m*b - 0*q + q, 4 = q. What is the tens digit of b?
1
What is the hundreds digit of 210/(-14)*(5/40 + (-15163)/24)?
4
Suppose 2*j = 3*j - 4. Let q(u) = -5*u**2 - 4*u**3 - 130 + 258 - 130 + 5*u**3 + 2*u**3. What is the hundreds digit of q(j)?
1
Suppose 48*g = 16*g + 35392. Let p = g - 178. What is the tens digit of p?
2
Suppose 66*w + 41*w = 13*w + 1302558. What is the tens digit of w?
5
Let q(a) = 79*a + 1. Let l = -29 + 28. Let v(t) = -t**2 - 8*t - 6. Let y be v(l). What is the units digit of q(y)?
0
Let v be (-14 + -3)/((-1)/1). Suppose -v = 3*x - 29. Suppose -102 + 743 = 5*r + 2*j, 2*j + 502 = x*r. What is the tens digit of r?
2
Let v be ((-1564)/3)/(8/(-12)). Suppose 0 = 2*r - 2*g - v, 0 = r + 2*g - 160 - 237. What is the hundreds digit of r?
3
Suppose 4*q - 5 = 2*x - 13, 4*q - x + 6 = 0. What is the units digit of (-553)/(-14)*q*-14?
3
Let j(w) = -3*w**3 - 2*w**2 - 7. Let y be j(-3). Let b = -40 + y. What is the units digit of (36/b)/(-3) - 134/(-8)?
6
Suppose 46*k - 42*k = 2640. Let u = 1211 - k. Suppose -3*d - 4*m = -u, 0*d - 4*m - 929 = -5*d. What is the units digit of d?
5
Let b(o) = 375*o**3 + 8*o**2 - 14*o - 13. Let f(y) = -250*y**3 - 5*y**2 + 9*y + 8. Let j(p) = -5*b(p) - 8*f(p). Let c = 6 - 5. What is the tens digit of j(c)?
2
Let b(v) = 4*v**3 - 2*v**2 + 2. Let j(z) be the first derivative of 3*z**4/4 + z**2/2 - 2*z - 8. Let l be j(1). What is the tens digit of b(l)?
2
Let w = 17780 - 11696. Suppose -4*n + w = 5*n. What is the units digit of n?
6
Let p = -83 - -85. Let t(j) = -9*j - 3 + 5 - 21 + p. What is the tens digit of t(-18)?
4
Suppose -44*p = 40926 - 225330. What is the thousands digit of p?
4
Let r(z) = -77*z + 1099. What is the thousands digit of r(-36)?
3
Suppose -4*l + c = -3985, 1116 + 878 = 2*l - 2*c. Let h = l + -74. What is the hundreds digit of h?
9
Suppose -37*x = -35*x + 11184 - 47038. What is the thousands digit of x?
7
What is the hundreds digit of ((-143725)/(-10) + -12)/(5 + 18/(-4))?
7
Let s(k) = 4 - k**3 + 11*k - 4*k**2 - 2*k - 2*k**3 + 2*k**3. Let p be (-92)/16 + 2/(-8). What is the units digit of s(p)?
2
What is the tens digit of (-3 - 102765/(-30))*2?
4
Suppose 18*o = 23*o - 3575. Let x = o - 312. Let w = x + -258. What is the hundreds digit of w?
1
Let a(f) = 634*f - 99. Let g be a(-3). What is the hundreds digit of 2 - (-3 - -4)*g/3?
6
What is the hundreds digit of (-10 - 5646)/((-7)/(-14)*-2)?
6
Let f be ((97/((-1)/1))/1)/1. Let d = -112 - f. What is the tens digit of 2*((-3)/d - 143/(-10))?
2
Suppose -5 = -5*j + 4*t, -2*j + 20 = 8*t - 6*t. What is the tens digit of (144 - -6)/j*(1 - -1)?
6
Let m(r) = -320*r + 578. Let p(k) = -127*k + 231. Let b(a) = -5*m(a) + 12*p(a). What is the tens digit of b(10)?
4
What is the thousands digit of 92187*(38/18 - 2)?
0
Suppose -4*p = 3*a + 15, 12 = 4*p - 5*a - 13. Let b(d) = -d**3 + d - 36. Let l be b(p). What is the units digit of (l/1)/(-2 + (-4 - -5))?
6
Let u(o) = o**3 + 6*o**2 - 8*o - 5. Let y be u(-7). Suppose -y*a - 1320 = -v, -4*a = -3*v + a + 3957. What is the hundreds digit of v?
3
What is the thousands digit of 7 + (-150278)/(-20) - 5/(-50)?
7
Suppose 0 = -39*d + 41*d - 3*o - 52377, -3*d - 4*o = -78557. What is the tens digit of d?
8
Let y be 4 - (-2290 - ((-15)/3)/(-1)). Suppose -y = -3*x + 5*o + 975, -3*x + 2*o + 3268 = 0. What is the units digit of x?
8
Let y be -1 + 0 + 1 + 1. Let c(f) = f**3 - 11*f**2 + 7*f. Let b(i) = i. Let n(t) = y*b(t) - c(t). What is the tens digit of n(4)?
8
Suppose -2*z + 8*m = 10*m + 82, -4*z = 2*m + 170. Let n = 374 - z. What is the hundreds digit of n?
4
Let w(l) be the first derivative of -10*l**3 + l**2/2 - l - 22. Let x(h) = -60*h**2 + 3*h - 1. Let o(k) = 5*w(k) - 3*x(k). What is the units digit of o(-1)?
2
Suppose 194*t - 193*t = 4*c + 19310, -4*t + 2*c + 77268 = 0. What is the hundreds digit of t?
3
Suppose -2*n = 2*g + 8, -n - 4*g = -0*g + 10. Let m be n*((-4)/(-6))/(8/(-30)). Suppose 3*a = -2*h + 2*a + 135, h - 72 = -m*a. Wha